et v(j) = 4*j + 11. Let x(k) = -7*k - 20. Let q(o) = -5*v(o) - 3*x(o). Give q(p).
13
Let r(f) = -37 + 59*f - 19*f - 13*f - 19*f - 22*f. Calculate r(-2).
-9
Let o(c) = -c**3 + 2*c**2 + 10*c - 3. Let u be (-15)/(360/(-16)) + 8/6. Suppose -8 = -4*x, -h - 4*x = u*h - 20. What is o(h)?
5
Suppose -75*l = 469 - 394. Let i(m) = 72*m**2 + m + 1. Calculate i(l).
72
Let o(x) = -x**2 - 26*x - 9. Let s = -9515 + 9490. Give o(s).
16
Let z(j) = -7*j**3 - 156*j + 157*j - 9*j**3 + 17*j**3 + j**2 + 18. Determine z(0).
18
Let v(g) be the second derivative of -g**4/12 + 3*g**3/2 - 3*g**2/2 - 10*g. Let m be v(8). Suppose 3*a = m*y, y + 10 = 2*a + 3. Let q(h) = 4*h. Calculate q(y).
12
Let g(p) be the first derivative of p**2/2 + 51*p - 7730. Give g(-20).
31
Let h(z) be the first derivative of -z**2 + 5*z + 2. Let q(w) = -575*w + 9775. Let p be q(17). Determine h(p).
5
Let z(i) = -i**3 - i**2 + 2*i. Let x = 109 - 73. Suppose 32*d - 40 = x*d. Let k be (-5 - d) + 0 + -3. Determine z(k).
-8
Let g be -1 + (3 - 1) - 5. Let y(c) = 5*c + 8*c**2 - c**3 + 11*c - 8*c**2 - 18*c - 5*c**2. Calculate y(g).
-8
Let w(c) = -c**3 + 18*c**2 - c + 27. Suppose -165*g - 468 = -191*g. Give w(g).
9
Let o(l) = l**2 + 16*l + 6. Let y be o(3). Let h = y + -58. Let k(n) = -n**3 + 5*n**2 + n + 2. Determine k(h).
7
Let p = -3 + 3. Let h(i) = 12*i - 5*i + 0*i**2 - 20*i**3 - 7 - 7*i + i**2 + 19*i**3. Give h(p).
-7
Suppose 49*c - 24*c = 37*c - 60. Let s(h) = h**3 - 7*h**2 + 2*h + 1. Give s(c).
-39
Let p(q) = 5*q**2 - 5*q - 2. Let r(o) = 16*o**2 - 6*o. Let c(y) = y**2 + y + 1. Let f(n) = -5*c(n) + r(n). Let v(b) = -4*f(b) + 9*p(b). Calculate v(4).
14
Let j(g) = 3*g + 6. Let z(v) = -4*v - 5. Let r(m) = 5*j(m) + 4*z(m). Suppose -5*q = -k + 334, 4*k = 4*q + 108 + 156. Let o = q + 74. Determine r(o).
3
Let w(v) = 2*v + 1. Let n = 261 - 262. Let u(t) = -t + 10. Let y(p) = n*w(p) - u(p). Calculate y(-5).
-6
Let h(w) be the first derivative of -9*w**2/2 - 6*w - 1. Let j be 334/(-835) + (-6)/10. Let k(o) = -o. Let x(t) = j*h(t) + 6*k(t). Determine x(-5).
-9
Let v(t) = t**3 + 5*t**2 + 5*t. Suppose 8*s + 2 = 26. Suppose -s*i - 3*a + 9 = 0, 8*a = 3*a - 25. Suppose 2*d + 2 + 6 = -q, 2*d = -5*q - i. Determine v(d).
-4
Suppose 0*t + 409 = l - t, 2045 = 5*l - t. Let j = -408 + l. Let o(f) be the first derivative of -2*f**4 - f**3/3 + f**2/2 - f - 1. Calculate o(j).
-9
Suppose 4*w = 19*w - 45. Suppose -8 = -5*v - 2*a + 32, -5*v = w*a - 45. Let x(g) = g**3 - 6*g**2 + g - 8. Determine x(v).
-2
Let h = -495 + 358. Let z = -133 - h. Let a(m) = 4*m - 2. Give a(z).
14
Let h(k) = 15*k - 14*k - 259 - 18*k + 5*k. Determine h(-20).
-19
Let t(z) = 6*z + 6 - 14*z**2 + 10*z**2 + 6*z**2 - 1. Let x be t(4). Let r = x + -61. Let u(q) = q - 10. Calculate u(r).
-10
Let g(a) = -a - 3. Let i be 13*(-222)/30 + 2/10. Let c = -96 - i. Determine g(c).
-3
Let v(r) = 19*r - 39. Let f(k) = 66*k - 138. Let n(y) = -5*f(y) + 17*v(y). Determine n(8).
-29
Suppose -r - 7*n + 4*n - 72 = 0, -5*r = 3*n + 300. Let k = 66 + r. Suppose -3 + k = -2*f. Let g(m) = -m**2 - 5*m + 4. Calculate g(f).
10
Suppose -2*h = -3*w - 8, -5 = -h - 1. Let m(y) be the third derivative of -30*y**2 + 1/24*y**4 + 0 + 0*y + w*y**3. Calculate m(-6).
-6
Let j(m) be the second derivative of -m**7/1260 + 7*m**6/360 - m**5/24 + 23*m**4/12 + m**3 + 182*m. Let f(v) be the third derivative of j(v). Give f(7).
-5
Let m be 19/(19/4) - (-6 + -1). Let h(c) = 23*c**2 + c**3 + 6 + 2*c - 16*c**2 - m*c**2. Determine h(5).
41
Suppose -230 = j - s - s, 3*j + 3*s = -645. Let o = j - -219. Let w(q) = 7*q**3 - 2*q - 1. Calculate w(o).
-6
Let z(d) be the first derivative of -d**4/4 - 3*d**3 + 9*d**2/2 + 2*d + 266. Calculate z(-10).
12
Let h(q) = q**3 - 50*q**2 + 50*q - 35. Let n be h(49). Let g(b) = 4*b**3 - b**3 + 6 - n*b - 20*b**2 - 2*b**3 + 12 - 8*b. What is g(21)?
-3
Let a(c) be the third derivative of 7*c**6/120 + c**5/60 - c**4/8 + c**3/2 + 7*c**2 + 40*c. Give a(2).
57
Let p(s) be the third derivative of -s**4/24 + s**3/3 - 6*s**2. Let d(m) = -7*m + 397. Let j be d(58). What is p(j)?
11
Let r(u) = u**3 + 5*u**2 + 4*u + 1. Let o = -2176 + 2171. Calculate r(o).
-19
Let q(r) = 2*r**2 - 3*r - 3. Let c = 52 + -49. Suppose c*w + 3 = -2*b + 15, -5*b = -w - 13. Suppose 0 = 8*s - w*s + 12. Determine q(s).
11
Suppose -10*q = -18*q + 56. Let w(t) = -126 + 0*t**2 - t**2 - q*t + 121. Calculate w(-8).
-13
Let c(f) be the third derivative of f**6/40 + f**5/20 - f**4/12 - f**2 - 1096*f. Determine c(2).
32
Let m(v) be the first derivative of v**4/4 + 23*v**3/3 + 21*v**2 + 6*v + 33. Let z = 1827 - 1848. Calculate m(z).
6
Let l(i) = i**2 - 17*i + 149. Let g be l(22). Let j(t) = g + 2*t - 259 - 3*t. Determine j(-2).
2
Let l(f) = 5*f - 7 + 0*f - 2*f. Suppose 232*a = 245*a + 11310. Let m be ((-1)/(-2))/(12 + a/72). Calculate l(m).
-25
Let o(h) = 26 - 10*h + 4 + 16*h + 2. Let a be o(-5). Let f(w) = 296 + 292 - 581 + w**a - 6*w. Calculate f(7).
14
Let h = 898 + 2558. Let m(l) = -3456 + h - 4*l**2. What is m(2)?
-16
Let a be ((-45)/9)/(((-90)/81)/2). Let x(m) = -20*m**2 + 180*m + 4. Calculate x(a).
4
Let b(d) = 72*d**3 - 31*d**2 - 32*d**3 - 20*d**3 - 33 - 19*d**3 + 25*d + 6*d. Calculate b(30).
-3
Suppose p = -5 + 21. Suppose -6*s - p = 8. Let b(f) = 5*f**2 - 2*f - 11. Let i(z) = -2*z**2 + 4. Let g(c) = -3*b(c) - 8*i(c). Give g(s).
-7
Let v = 22 + -17. Suppose -4*b = -17 - 83. Let c(t) = -6*t + 14 + 13 - b + t**2. Give c(v).
-3
Let c(d) = 55306*d**3 - 55305*d**3 + 5 - 2*d - 37*d**2 + d + 30. Calculate c(37).
-2
Suppose -5*q = -9*q + 8. Let n(t) = -5 - 11*t**2 - 3*t**q - 6*t + t + 13*t**2. Determine n(-8).
-29
Suppose -5*x + 208 = 3*o, -5*o - 8*x + 5*x + 320 = 0. Let v(f) = -3 + 72*f**3 - 2*f + 8*f**2 - 132*f**3 + o*f**3. What is v(-8)?
13
Let f(u) be the second derivative of -u**4/12 - 5*u**3/3 - 17*u**2/2 + u + 1286. Give f(-18).
-161
Let f(h) = -2*h**2 + 32*h + 8. Let w be ((-55)/7 + 8)/((-7)/(-833)). What is f(w)?
-26
Let o(m) be the third derivative of -4*m**2 + 0 + 1/6*m**3 - 7/24*m**4 - 3*m. Give o(-2).
15
Let r be -1 + (-64)/8 + 11. Let v(k) = 0*k + k + 4*k + k + r*k - 7. Give v(-5).
-47
Let s(d) = d**2 + 22*d + 47. Let r be (210/(-189))/((-7)/(-126)). Give s(r).
7
Suppose 17*g - 94 - 90 = 63*g. Let q(s) = s**2 - 6*s - 1. What is q(g)?
39
Suppose -l = 131 + 35. Let u = l + 170. Let x(o) = -o + 5. Determine x(u).
1
Let w(i) be the first derivative of -7*i + 1/2*i**2 - 18. Suppose -20 = -2*z + 4*j, 4*j = -2*z - 12 - 8. Determine w(z).
-7
Suppose -8*z + 230 = 15*z. Suppose z*j = 7*j - 27. Let u(c) = -c**3 - 8*c**2 + 10*c + 12. Calculate u(j).
3
Let f(t) = -56101*t**3 - 2 + 20*t**2 + 6*t - 26*t**2 + 56102*t**3. Let w be (30/9)/(4/6). Calculate f(w).
3
Let c(m) = 3*m**2 - 131404*m - 5 + 131397*m + 0*m**2. Calculate c(4).
15
Let m be 2 - (10/(-2) - -8). Let c(b) = -4*b**3 + b**2 - 9*b. Let l(w) = -w**3 + w**2 - w - 1. Let v(r) = m*c(r) + 5*l(r). Let a = -39 + 43. Give v(a).
11
Let k(o) = 2*o - 3. Let u(n) = -4*n + 3. Let v(j) = -4*j + 3. Let z(s) = 5*u(s) - 6*v(s). Let q(w) = -3*k(w) + 2*z(w). What is q(-4)?
-5
Let r(m) = m**2 + 0*m**2 + 0 - 3 - 10*m. Suppose -182*j + 74 = -2452 + 524. What is r(j)?
8
Let r be (-27)/25*5 + (-2)/(-5). Let z(o) = 4 - 4 + 1. Let b(p) = 3*p + 7. Let j(v) = r*z(v) + b(v). Calculate j(-2).
-4
Let t(i) = 27*i + 3. Let j(a) = 68*a - 4. Let z(b) = 2*j(b) - 5*t(b). Calculate z(-10).
-33
Suppose 11*q = -17*q + 420. Let f(c) = 4*c + c - q - 4*c + 34. What is f(-12)?
7
Let n = -7424 + 7423. Let v(k) = -3*k - 3. Determine v(n).
0
Let w be (-28)/(-7) + -151 + -3. Let k = -147 - w. Let p(y) = y**3 - 3*y**2 - 3*y + 7. Calculate p(k).
-2
Let v(s) = -32*s**3 + 12*s + 31*s**3 + 8*s - 19*s + 1. Suppose -2*b - b = 2*b. Give v(b).
1
Let k be 1*1/(-1)*(-88 + 97). Let l(a) = -a**2 - 7*a - 1. Give l(k).
-19
Let d(h) = -3*h - 2. Let b(u) = u. Let p(q) = -12*b(q) + 3*d(q). Let y(r) = -3*r - 1. Let v(m) = -4*p(m) + 30*y(m). Determine v(-6).
30
Let t(a) = -246829*a + 220 - 26 + 246837*a. Calculate t(-25).
-6
Let d(s) = -2*s**2 - 12*s - 6. Let l(o) = o**2 + o + 1. Let z(k) = -d(k) + 2*l(k). Let n be z(-5). Let v(t) = n*t - 29*t - 19*t. Determine v(1).
-10
Let q(b) = 11*b**3 + b**2 - 2*b + 1. Let f = -76 + 76. Suppose -3*j + 15 = s, f = -j + 4*j - 15. Let z be (-63)/18*((-6)/21 + s). Calculate q(z).
11
Let x(